{"id":29,"date":"2017-04-19T12:34:00","date_gmt":"2017-04-19T10:34:00","guid":{"rendered":"https:\/\/cftc-penelope.fr\/?page_id=29"},"modified":"2024-10-18T14:28:00","modified_gmt":"2024-10-18T12:28:00","slug":"la-cftc-sur-le-web","status":"publish","type":"page","link":"https:\/\/www.cftc-penelope.fr\/index.php\/la-cftc-sur-le-web\/","title":{"rendered":"La CFTC sur le web"},"content":{"rendered":"<p><a href=\"https:\/\/csfv.fr\/\"><img fetchpriority=\"high\" decoding=\"async\" class=\"alignnone  wp-image-1664 aligncenter\" src=\"https:\/\/www.cftc-penelope.fr\/wp-content\/uploads\/2024\/10\/logo-CSFV.png\" alt=\"\" width=\"459\" height=\"204\" srcset=\"https:\/\/www.cftc-penelope.fr\/wp-content\/uploads\/2024\/10\/logo-CSFV.png 1037w, https:\/\/www.cftc-penelope.fr\/wp-content\/uploads\/2024\/10\/logo-CSFV-300x133.png 300w, https:\/\/www.cftc-penelope.fr\/wp-content\/uploads\/2024\/10\/logo-CSFV-1024x455.png 1024w, https:\/\/www.cftc-penelope.fr\/wp-content\/uploads\/2024\/10\/logo-CSFV-768x341.png 768w\" sizes=\"(max-width: 459px) 100vw, 459px\" \/><\/a><\/p>\n<p style=\"text-align: center;\"><a href=\"https:\/\/csfv.fr\/\">Site internet de la f\u00e9d\u00e9ration CFTC Commerce, Services et Forces de vente<\/a><\/p>\n<p style=\"text-align: center;\"><img decoding=\"async\" class=\"alignnone size-full wp-image-1665\" src=\"https:\/\/www.cftc-penelope.fr\/wp-content\/uploads\/2024\/10\/logo.png\" alt=\"\" width=\"268\" height=\"227\" \/><\/p>\n<p style=\"text-align: center;\"><a href=\"https:\/\/www.cftc.fr\/\">Site internet de la conf\u00e9d\u00e9ration CFTC<\/a><\/p>\n","protected":false},"excerpt":{"rendered":"<p>Site internet de la f\u00e9d\u00e9ration CFTC Commerce, Services et Forces de vente Site internet de la conf\u00e9d\u00e9ration CFTC<\/p>\n","protected":false},"author":1,"featured_media":0,"parent":0,"menu_order":0,"comment_status":"closed","ping_status":"closed","template":"","meta":{"generate_page_header":"","jetpack_post_was_ever_published":false,"footnotes":""},"class_list":["post-29","page","type-page","status-publish"],"yoast_head":"<!-- This site is optimized with the Yoast SEO plugin v27.4 - https:\/\/yoast.com\/product\/yoast-seo-wordpress\/ -->\n<title>La CFTC sur le web - CFTC P\u00e9n\u00e9lope<\/title>\n<meta name=\"robots\" content=\"index, follow, max-snippet:-1, max-image-preview:large, max-video-preview:-1\" \/>\n<link rel=\"canonical\" href=\"https:\/\/www.cftc-penelope.fr\/index.php\/la-cftc-sur-le-web\/\" \/>\n<meta property=\"og:locale\" content=\"fr_FR\" \/>\n<meta property=\"og:type\" content=\"article\" \/>\n<meta property=\"og:title\" content=\"La CFTC sur le web - CFTC P\u00e9n\u00e9lope\" \/>\n<meta property=\"og:description\" content=\"Site internet de la f\u00e9d\u00e9ration CFTC Commerce, Services et Forces de vente Site internet de la conf\u00e9d\u00e9ration CFTC\" \/>\n<meta property=\"og:url\" content=\"https:\/\/www.cftc-penelope.fr\/index.php\/la-cftc-sur-le-web\/\" \/>\n<meta property=\"og:site_name\" content=\"CFTC P\u00e9n\u00e9lope\" \/>\n<meta property=\"article:modified_time\" content=\"2024-10-18T12:28:00+00:00\" \/>\n<meta property=\"og:image\" content=\"https:\/\/www.cftc-penelope.fr\/wp-content\/uploads\/2024\/10\/logo-CSFV.png\" \/>\n\t<meta property=\"og:image:width\" content=\"1037\" \/>\n\t<meta property=\"og:image:height\" content=\"461\" \/>\n\t<meta property=\"og:image:type\" content=\"image\/png\" \/>\n<meta name=\"twitter:card\" content=\"summary_large_image\" \/>\n<meta name=\"twitter:label1\" content=\"Dur\u00e9e de lecture estim\u00e9e\" \/>\n\t<meta name=\"twitter:data1\" content=\"1 minute\" \/>\n<script type=\"application\/ld+json\" class=\"yoast-schema-graph\">{\"@context\":\"https:\\\/\\\/schema.org\",\"@graph\":[{\"@type\":\"WebPage\",\"@id\":\"https:\\\/\\\/www.cftc-penelope.fr\\\/index.php\\\/la-cftc-sur-le-web\\\/\",\"url\":\"https:\\\/\\\/www.cftc-penelope.fr\\\/index.php\\\/la-cftc-sur-le-web\\\/\",\"name\":\"La CFTC sur le web - CFTC P\u00e9n\u00e9lope\",\"isPartOf\":{\"@id\":\"https:\\\/\\\/www.cftc-penelope.fr\\\/#website\"},\"primaryImageOfPage\":{\"@id\":\"https:\\\/\\\/www.cftc-penelope.fr\\\/index.php\\\/la-cftc-sur-le-web\\\/#primaryimage\"},\"image\":{\"@id\":\"https:\\\/\\\/www.cftc-penelope.fr\\\/index.php\\\/la-cftc-sur-le-web\\\/#primaryimage\"},\"thumbnailUrl\":\"https:\\\/\\\/www.cftc-penelope.fr\\\/wp-content\\\/uploads\\\/2024\\\/10\\\/logo-CSFV.png\",\"datePublished\":\"2017-04-19T10:34:00+00:00\",\"dateModified\":\"2024-10-18T12:28:00+00:00\",\"breadcrumb\":{\"@id\":\"https:\\\/\\\/www.cftc-penelope.fr\\\/index.php\\\/la-cftc-sur-le-web\\\/#breadcrumb\"},\"inLanguage\":\"fr-FR\",\"potentialAction\":[{\"@type\":\"ReadAction\",\"target\":[\"https:\\\/\\\/www.cftc-penelope.fr\\\/index.php\\\/la-cftc-sur-le-web\\\/\"]}]},{\"@type\":\"ImageObject\",\"inLanguage\":\"fr-FR\",\"@id\":\"https:\\\/\\\/www.cftc-penelope.fr\\\/index.php\\\/la-cftc-sur-le-web\\\/#primaryimage\",\"url\":\"https:\\\/\\\/www.cftc-penelope.fr\\\/wp-content\\\/uploads\\\/2024\\\/10\\\/logo-CSFV.png\",\"contentUrl\":\"https:\\\/\\\/www.cftc-penelope.fr\\\/wp-content\\\/uploads\\\/2024\\\/10\\\/logo-CSFV.png\",\"width\":1037,\"height\":461},{\"@type\":\"BreadcrumbList\",\"@id\":\"https:\\\/\\\/www.cftc-penelope.fr\\\/index.php\\\/la-cftc-sur-le-web\\\/#breadcrumb\",\"itemListElement\":[{\"@type\":\"ListItem\",\"position\":1,\"name\":\"Accueil\",\"item\":\"https:\\\/\\\/www.cftc-penelope.fr\\\/\"},{\"@type\":\"ListItem\",\"position\":2,\"name\":\"La CFTC sur le web\"}]},{\"@type\":\"WebSite\",\"@id\":\"https:\\\/\\\/www.cftc-penelope.fr\\\/#website\",\"url\":\"https:\\\/\\\/www.cftc-penelope.fr\\\/\",\"name\":\"CFTC P\u00e9n\u00e9lope\",\"description\":\"\",\"publisher\":{\"@id\":\"https:\\\/\\\/www.cftc-penelope.fr\\\/#organization\"},\"potentialAction\":[{\"@type\":\"SearchAction\",\"target\":{\"@type\":\"EntryPoint\",\"urlTemplate\":\"https:\\\/\\\/www.cftc-penelope.fr\\\/?s={search_term_string}\"},\"query-input\":{\"@type\":\"PropertyValueSpecification\",\"valueRequired\":true,\"valueName\":\"search_term_string\"}}],\"inLanguage\":\"fr-FR\"},{\"@type\":\"Organization\",\"@id\":\"https:\\\/\\\/www.cftc-penelope.fr\\\/#organization\",\"name\":\"CFTC P\u00e9n\u00e9lope\",\"url\":\"https:\\\/\\\/www.cftc-penelope.fr\\\/\",\"logo\":{\"@type\":\"ImageObject\",\"inLanguage\":\"fr-FR\",\"@id\":\"https:\\\/\\\/www.cftc-penelope.fr\\\/#\\\/schema\\\/logo\\\/image\\\/\",\"url\":\"https:\\\/\\\/www.cftc-penelope.fr\\\/wp-content\\\/uploads\\\/2025\\\/09\\\/bandeau-header-cftc-penelope-2025.jpg\",\"contentUrl\":\"https:\\\/\\\/www.cftc-penelope.fr\\\/wp-content\\\/uploads\\\/2025\\\/09\\\/bandeau-header-cftc-penelope-2025.jpg\",\"width\":1500,\"height\":307,\"caption\":\"CFTC P\u00e9n\u00e9lope\"},\"image\":{\"@id\":\"https:\\\/\\\/www.cftc-penelope.fr\\\/#\\\/schema\\\/logo\\\/image\\\/\"}}]}<\/script>\n<!-- \/ Yoast SEO plugin. -->","yoast_head_json":{"title":"La CFTC sur le web - CFTC P\u00e9n\u00e9lope","robots":{"index":"index","follow":"follow","max-snippet":"max-snippet:-1","max-image-preview":"max-image-preview:large","max-video-preview":"max-video-preview:-1"},"canonical":"https:\/\/www.cftc-penelope.fr\/index.php\/la-cftc-sur-le-web\/","og_locale":"fr_FR","og_type":"article","og_title":"La CFTC sur le web - CFTC P\u00e9n\u00e9lope","og_description":"Site internet de la f\u00e9d\u00e9ration CFTC Commerce, Services et Forces de vente Site internet de la conf\u00e9d\u00e9ration CFTC","og_url":"https:\/\/www.cftc-penelope.fr\/index.php\/la-cftc-sur-le-web\/","og_site_name":"CFTC P\u00e9n\u00e9lope","article_modified_time":"2024-10-18T12:28:00+00:00","og_image":[{"width":1037,"height":461,"url":"https:\/\/www.cftc-penelope.fr\/wp-content\/uploads\/2024\/10\/logo-CSFV.png","type":"image\/png"}],"twitter_card":"summary_large_image","twitter_misc":{"Dur\u00e9e de lecture estim\u00e9e":"1 minute"},"schema":{"@context":"https:\/\/schema.org","@graph":[{"@type":"WebPage","@id":"https:\/\/www.cftc-penelope.fr\/index.php\/la-cftc-sur-le-web\/","url":"https:\/\/www.cftc-penelope.fr\/index.php\/la-cftc-sur-le-web\/","name":"La CFTC sur le web - CFTC P\u00e9n\u00e9lope","isPartOf":{"@id":"https:\/\/www.cftc-penelope.fr\/#website"},"primaryImageOfPage":{"@id":"https:\/\/www.cftc-penelope.fr\/index.php\/la-cftc-sur-le-web\/#primaryimage"},"image":{"@id":"https:\/\/www.cftc-penelope.fr\/index.php\/la-cftc-sur-le-web\/#primaryimage"},"thumbnailUrl":"https:\/\/www.cftc-penelope.fr\/wp-content\/uploads\/2024\/10\/logo-CSFV.png","datePublished":"2017-04-19T10:34:00+00:00","dateModified":"2024-10-18T12:28:00+00:00","breadcrumb":{"@id":"https:\/\/www.cftc-penelope.fr\/index.php\/la-cftc-sur-le-web\/#breadcrumb"},"inLanguage":"fr-FR","potentialAction":[{"@type":"ReadAction","target":["https:\/\/www.cftc-penelope.fr\/index.php\/la-cftc-sur-le-web\/"]}]},{"@type":"ImageObject","inLanguage":"fr-FR","@id":"https:\/\/www.cftc-penelope.fr\/index.php\/la-cftc-sur-le-web\/#primaryimage","url":"https:\/\/www.cftc-penelope.fr\/wp-content\/uploads\/2024\/10\/logo-CSFV.png","contentUrl":"https:\/\/www.cftc-penelope.fr\/wp-content\/uploads\/2024\/10\/logo-CSFV.png","width":1037,"height":461},{"@type":"BreadcrumbList","@id":"https:\/\/www.cftc-penelope.fr\/index.php\/la-cftc-sur-le-web\/#breadcrumb","itemListElement":[{"@type":"ListItem","position":1,"name":"Accueil","item":"https:\/\/www.cftc-penelope.fr\/"},{"@type":"ListItem","position":2,"name":"La CFTC sur le web"}]},{"@type":"WebSite","@id":"https:\/\/www.cftc-penelope.fr\/#website","url":"https:\/\/www.cftc-penelope.fr\/","name":"CFTC P\u00e9n\u00e9lope","description":"","publisher":{"@id":"https:\/\/www.cftc-penelope.fr\/#organization"},"potentialAction":[{"@type":"SearchAction","target":{"@type":"EntryPoint","urlTemplate":"https:\/\/www.cftc-penelope.fr\/?s={search_term_string}"},"query-input":{"@type":"PropertyValueSpecification","valueRequired":true,"valueName":"search_term_string"}}],"inLanguage":"fr-FR"},{"@type":"Organization","@id":"https:\/\/www.cftc-penelope.fr\/#organization","name":"CFTC P\u00e9n\u00e9lope","url":"https:\/\/www.cftc-penelope.fr\/","logo":{"@type":"ImageObject","inLanguage":"fr-FR","@id":"https:\/\/www.cftc-penelope.fr\/#\/schema\/logo\/image\/","url":"https:\/\/www.cftc-penelope.fr\/wp-content\/uploads\/2025\/09\/bandeau-header-cftc-penelope-2025.jpg","contentUrl":"https:\/\/www.cftc-penelope.fr\/wp-content\/uploads\/2025\/09\/bandeau-header-cftc-penelope-2025.jpg","width":1500,"height":307,"caption":"CFTC P\u00e9n\u00e9lope"},"image":{"@id":"https:\/\/www.cftc-penelope.fr\/#\/schema\/logo\/image\/"}}]}},"jetpack_sharing_enabled":true,"jetpack_shortlink":"https:\/\/wp.me\/P9G9l6-t","_links":{"self":[{"href":"https:\/\/www.cftc-penelope.fr\/index.php\/wp-json\/wp\/v2\/pages\/29","targetHints":{"allow":["GET"]}}],"collection":[{"href":"https:\/\/www.cftc-penelope.fr\/index.php\/wp-json\/wp\/v2\/pages"}],"about":[{"href":"https:\/\/www.cftc-penelope.fr\/index.php\/wp-json\/wp\/v2\/types\/page"}],"author":[{"embeddable":true,"href":"https:\/\/www.cftc-penelope.fr\/index.php\/wp-json\/wp\/v2\/users\/1"}],"replies":[{"embeddable":true,"href":"https:\/\/www.cftc-penelope.fr\/index.php\/wp-json\/wp\/v2\/comments?post=29"}],"version-history":[{"count":6,"href":"https:\/\/www.cftc-penelope.fr\/index.php\/wp-json\/wp\/v2\/pages\/29\/revisions"}],"predecessor-version":[{"id":1666,"href":"https:\/\/www.cftc-penelope.fr\/index.php\/wp-json\/wp\/v2\/pages\/29\/revisions\/1666"}],"wp:attachment":[{"href":"https:\/\/www.cftc-penelope.fr\/index.php\/wp-json\/wp\/v2\/media?parent=29"}],"curies":[{"name":"wp","href":"https:\/\/api.w.org\/{rel}","templated":true}]}}